 v = -2. Let u(c) = 74*c + 1. Is u(l) composite?
False
Let z be 93 - ((-4)/(-14) - 99/77). Let o = -3 + 1. Is z + 0/(-1 + o) composite?
True
Suppose d = 2*d - 34. Is d prime?
False
Suppose 0 = 4*t - 2*r - 444, 0*r = 2*r + 8. Let f = 224 - t. Is f prime?
False
Is (-1)/4 + (-2185)/(-20) a prime number?
True
Suppose -2*g = -4*q + 120, -67 = 2*g + 3*q + 46. Let v = 81 + g. Is v a prime number?
True
Let w(c) = -4*c + 1. Let n(o) = -3*o. Let f(y) = -y**2 + 7*y - 1. Let g be f(6). Let q(z) = g*w(z) - 6*n(z). Is q(-5) a composite number?
True
Let g = 870 + -499. Is g prime?
False
Suppose -5*u - 14 = 6. Let x(d) = -31*d - 3. Is x(u) composite?
True
Let o = -3 - -8. Suppose -o*v + 106 = -3*v. Is v prime?
True
Suppose 4*b + 6 = -2. Is (2 - (b + -498))/2 composite?
False
Let s(n) = 2*n**3 - 4*n**2 - 4*n - 1. Suppose -2*i = -2 - 6. Is s(i) a prime number?
True
Let b(y) = -3*y**2 - y + 2017. Is b(0) prime?
True
Let n = 0 - -5. Suppose -832 - 333 = -n*y. Is y composite?
False
Suppose 4*i = 1382 - 66. Is i a composite number?
True
Suppose -2*m = -5*m + 48. Let u = m + -1. Is u composite?
True
Let z = 32 - 25. Is z composite?
False
Is 102*((-36)/(-8))/9 a prime number?
False
Let i = -242 + 387. Is i a prime number?
False
Let f be (-726)/(-4)*6/(-9). Let w = f + 218. Is w a composite number?
False
Suppose 0*b = 5*b. Suppose -4*r + 13 = 3*g, 2*r + 1 - 6 = -g. Is b/2 + 38*r a prime number?
False
Let f be (-3)/(-9) + (-1601)/(-3). Let d = f - 18. Suppose -4*p + d = -0*p. Is p composite?
True
Let q(w) = -w**3 + 7*w**2 - 6*w + 4. Let h be q(4). Is ((-26)/(-8))/(1/h) prime?
False
Let s be 53 + (-1 - (2 + 0)). Let k = 46 - 19. Let m = s + k. Is m prime?
False
Suppose 0 = -2*l - 2 + 4. Let k be (1/l)/((-1)/(-2)). Suppose 125 + 29 = k*a. Is a a composite number?
True
Suppose 5*b - 5*x = -2*x + 751, x + 449 = 3*b. Let t = b + -6. Is t a prime number?
False
Suppose 0 = -5*z + 20, z + 848 = 4*a + 2*z. Is a a composite number?
False
Let u = -445 + 1366. Is (u/(-2))/(36/(-24)) a prime number?
True
Let t(z) = 3*z - 2. Let b be t(-3). Let y = b - -20. Suppose -4*i + y*n + 192 = 4*n, -5*n + 232 = 4*i. Is i a composite number?
False
Let v = -2 - -4. Suppose 5*n = -v*z - 19, z + 2*z + 16 = -5*n. Let w(f) = f**3 + 7*f**2 + 7*f + 4. Is w(n) a composite number?
False
Suppose -m - y = -75 - 67, 3*m - 4*y - 398 = 0. Let i = 457 - m. Is i prime?
False
Is 15/(-3) - (-62 + -1) a composite number?
True
Let r(z) = 4*z - 17. Is r(5) composite?
False
Suppose 0*t - 2*y = -t - 37, 0 = t - y + 37. Let i = 182 + t. Is i a prime number?
False
Let f(z) = -z**2 + 8*z - 1. Let j be f(6). Is 4/(-22) - (-1069)/j prime?
True
Let k = 4 - 2. Let p(o) = 13*o**2 + 2*o - 3. Is p(k) a prime number?
True
Let c(g) be the third derivative of -2*g**4 + g**3/6 - 6*g**2. Let j = -2 + 1. Is c(j) a composite number?
True
Let y(w) = 468*w**2 - 1. Is y(1) composite?
False
Is 11060/21 - (-1)/3 composite?
True
Let t(f) = -2*f - 1. Suppose -4*p = 3 - 7. Suppose -5*o - 19 = p. Is t(o) composite?
False
Suppose 0 = -5*j + 3*n + 4595, 5*n - 25 - 2732 = -3*j. Is j a prime number?
True
Suppose 3*n = -2*u + 4187, -2783 = -2*n - 5*u + 2*u. Is n composite?
False
Let u = 1 + 4. Suppose -104 - 176 = -u*f - 5*m, -3*f = 2*m - 167. Is f a prime number?
False
Let o = 145 - 102. Is o a composite number?
False
Suppose 4*z - 7 + 27 = 0. Let h(f) = -f**2 - 7*f - 7. Let w be h(z). Suppose -277 = -w*k - 76. Is k composite?
False
Suppose -3*l - l = -20. Suppose 3*g + 35 = k, k + 76 = l*k + 4*g. Is k a prime number?
True
Is (4 + (-10)/4)*74 a composite number?
True
Suppose 2*a = 6*a + 8. Is ((-3)/a)/((-12)/(-1192)) composite?
False
Suppose f - 1115 = 2*x, 2*f - 3*f + 1136 = 5*x. Is f prime?
False
Let o = 12 - 8. Suppose -o*h - 2*i + 4*i = -30, -4*h - 4*i + 48 = 0. Is h a prime number?
False
Suppose -5*x = -5*o - 8290, -4*x - 5*o = -x - 4966. Is x composite?
False
Let h(y) = 25*y**3 - y**2 + 2*y + 1. Let s be h(2). Suppose -5*b - 46 = -s. Is b composite?
False
Suppose 0 = -0*b + 4*b - 12. Let w(j) = -j**b - 8*j**2 + 0*j**3 - 44 + 45 - 13*j - 5*j**2. Is w(-12) prime?
True
Let r(w) = -64*w**3 - w**2 - 2*w - 3. Is r(-2) composite?
False
Suppose -138 = 7*z - 9*z. Is z prime?
False
Let r(m) = -26*m**3 + 4*m**2 + 4*m. Let a be r(-3). Suppose -a + 211 = -5*b. Is b a prime number?
True
Suppose -6 = -5*t + 4. Let g(c) = 18*c**2 + 4*c - 3. Is g(t) a prime number?
False
Let q(o) be the second derivative of o**4/6 + o**3/3 - o**2/2 + 7*o. Let f be (-1)/(-2)*-7*2. Is q(f) composite?
False
Let r = -874 - -1293. Is r composite?
False
Let x be (-37)/2*2*-1. Let r be (-4)/14 - (-180)/(-7). Let d = r + x. Is d composite?
False
Let j(p) = -p**3 - 7*p**2 - 3*p + 2. Let k be j(-6). Let u be (124/k)/((-1)/8). Suppose 4*s - u = 2*s. Is s composite?
False
Suppose 25 = f - 21. Is f a prime number?
False
Let s be (21/(-2) + -2)*-2. Let h = -15 - s. Let a = 15 - h. Is a a composite number?
True
Let c(y) = -y**2 + 5*y + 8. Let i be c(6). Suppose 5*h + 0*l = -l - 10, -2*l - 12 = 2*h. Is ((-21)/6)/(h/i) a prime number?
True
Let u = 2 - -1. Let f = u - 1. Suppose -175 = -3*z - f*r, -3*z - 27 + 182 = -2*r. Is z prime?
False
Let d(q) = 3*q + 4*q**2 + 7 - 9*q - 3*q**2. Is d(6) composite?
False
Suppose -2*u + 147 = -905. Is u a prime number?
False
Suppose q + 20 = 5*q. Suppose -2*b + 5 = -q. Suppose b*o + 4*y - 161 = 0, 3*y - 61 = -2*o - 2*y. Is o composite?
True
Let h(t) = 24*t + 1. Let s be h(9). Let o = -90 + s. Is o a prime number?
True
Suppose -4*s + 3*s + 69 = 0. Let t(v) = 30*v. Let z be t(2). Let h = z + s. Is h composite?
True
Suppose -2*k + 3*k = 0. Is (-92 + k)*(-2)/4 a composite number?
True
Let j = 7 + -3. Suppose 0 = j*k - 4, -x + 4*k = -0*x - 49. Let d = 75 - x. Is d prime?
False
Let h = -96 + 217. Is h composite?
True
Is (478 - 0) + (-1)/(-1) a composite number?
False
Let r(v) = 18*v - 4 + 2 + 1 - 45*v. Let y(m) = -m**3 + 6*m**2 - 4*m - 7. Let x be y(5). Is r(x) a composite number?
False
Let p be 18/10 - 1/(-5). Suppose 1 + 19 = p*i. Is i composite?
True
Suppose -w - 8109 = -4*a, 8*w - 6053 = -3*a + 3*w. Is a a composite number?
True
Suppose h - 212 = 4*y, 3*h + 11 = -y + 712. Let t = h + -121. Suppose 0 = -5*m - 20, 3*m = 2*c + c - t. Is c a prime number?
False
Suppose 3*a - 5976 = -4*j, -4499 = -3*j + 2*a - 0*a. Is j a prime number?
False
Suppose 3*j = o + 81, -5*j + j + o + 107 = 0. Is j prime?
False
Is 3 - 0/1 - -11 prime?
False
Let j(d) = d**2 - d + 3. Let g be j(0). Suppose 28 = b + g*b. Is b composite?
False
Suppose x - 2*t - 29 = 6, 0 = -x + 4*t + 43. Suppose 5*b + x = 152. Is b a composite number?
True
Is 5/(-10)*(2 + 0 + -780) a composite number?
False
Suppose -16 = -4*r - 3*k + 9, r - 5*k = -11. Suppose 2*p - 7*p + r*d = -589, 2*p - 4*d = 226. Is p a composite number?
True
Let l(v) = -v**3 - 4*v**2 + 3*v - 3. Let y be l(-4). Let g(d) = -5*d + 2. Is g(y) a composite number?
True
Suppose -f - j = -7, 8*f - 19 = 3*f - j. Suppose 2*a - f*a + 1 = 0, 4*a + 75 = t. Is t a composite number?
False
Suppose -2*v = 4*t - 7388, -v + 2817 + 877 = -4*t. Is v a prime number?
False
Let m = -33 - -56. Is m composite?
False
Suppose 103 = 3*i - 65. Let f = i - 31. Is f composite?
True
Suppose 960 = 3*i - 387. Is i a prime number?
True
Let v be (12/(-3))/2 + 2. Let w be ((v/1)/1)/1. Suppose w = u - 99 - 16. Is u a prime number?
False
Let y(g) = 4*g - 13. Is y(7) a prime number?
False
Let h be (-4)/(-6) - (-42)/(-9). Let m be ((-178)/(-8))/((-1)/h). Suppose -z = -0*z - m. Is z a composite number?
False
Suppose 21*h = 19*h + 338. Is h a prime number?
False
Suppose -4*r + 5*s - 1849 = 0, -s + 410 = 3*r + 1792. Let n = 684 + r. Is n composite?
False
Let d(c) = 12*c**2 - 5*c - 36. Is d(-7) composite?
False
Let w(i) = -2*i + 11. Suppose -5*c + 20 = -3*c. Let z be w(c). Is (-7 - z)/(4/158) composite?
False
Let d(j) be the third derivative of 0*j + 1/10*j**5 + 0 + 1/2*j**3 - 1/12*j**4 + 2*j**2. Is d(2) a prime number?
True
Suppose -2*n + 318 + 14 = 0. Is n a composite number?
True
Let i(r) = -14*r - 7. Is i(-9) prime?
False
Let h = 1034 - -335. Is h a composite number?
True
Let r(k) = 6*k**2 + k + 2. Let f = -9 - -5. Is r(f) a composite number?
True
Is 3*(179 + 2) + (-3 - -1) prime?
True
Suppose 2*m - b - 214 = 0, m + 2*b - 129 = -3*b. Is m a composite number?
False
Let w(y) 